 o = -22. What is the greatest common factor of 18 and f?
9
Let w = 292 + -564. Let f = -107 - w. What is the highest common divisor of f and 15?
15
Let f be ((-8)/5)/(18/(-45)). Suppose 2*t - 323 = -j, -f*j - j + 1587 = 3*t. Let k be (j/(-60))/(3/(-16)). Calculate the greatest common divisor of k and 7.
7
Let n(s) = s**2 - 2*s - 1. Let x be n(3). Let r(y) = y**3 + 5*y**2 + 5*y - 4. Let g be r(-4). Let k = g - -12. Calculate the greatest common divisor of k and x.
2
Let t be (-65)/(-4) + 2/(-8). Let d = 21 + -98. Let m = d + 157. What is the highest common divisor of t and m?
16
Let m(b) = 5*b - 48. Let q be 6 - -8 - -3*1. Let x be m(q). What is the highest common divisor of 407 and x?
37
Suppose 77*b - 2608 - 4784 = 0. What is the highest common factor of 208 and b?
16
Let f = -65 + 65. Suppose -2*r + 2*j = -r - 7, 3*r + 3*j - 30 = f. What is the greatest common divisor of 99 and r?
9
Let u = -40 - -101. Suppose 0 = 2*v - u + 9. Let x = -64 + 129. What is the highest common divisor of x and v?
13
Let g(k) = -k + 2. Let s be g(6). Let i be (-12 + s)/4 + 65. Let p = i - -14. What is the highest common divisor of p and 15?
15
Let l = -301 - -365. What is the greatest common divisor of 8 and l?
8
Let z = 1311 - 1201. Calculate the highest common divisor of z and 110.
110
Suppose 3*z - 9 = 0, 1 - 27 = -x + 5*z. Suppose -5*g = k - x, -5*g + 3*k = -30 - 7. What is the highest common divisor of g and 6?
2
Let t(p) = 7*p**2 + 25*p - 1. Let o be t(-4). Calculate the greatest common factor of 99 and o.
11
Let l(i) = 2*i**2 - 5*i + 6. Let y = -42 + 21. Let k = -18 - y. Let z be l(k). What is the highest common factor of 18 and z?
9
Let k(m) be the third derivative of m**6/120 - m**5/15 - m**4/12 - m**3 + 15*m**2. Let o be k(5). What is the highest common factor of 45 and o?
9
Let b(k) = -k**2 - k + 55. Let r be b(0). Suppose -2*u - 118 = -3*d, -5*d + r + 135 = -5*u. What is the greatest common divisor of d and 105?
21
Let m = -24 + 24. Suppose 204 = u + 4*q, m = -4*u - 4*q + q + 790. Calculate the greatest common divisor of 28 and u.
28
Let o(h) = -11*h + 22. Let j(p) = 31*p - 67. Let s(g) = -6*j(g) - 17*o(g). Let m be s(-13). What is the highest common divisor of 135 and m?
15
Let i(l) = 11*l**2 + 3*l + 1. Let r be i(-4). What is the greatest common factor of 858 and r?
33
Let l = -42 - -45. Suppose -l*u + 200 = -136. What is the greatest common factor of 16 and u?
16
Let r be 72/(1*(-1 + 2)). Let n = 1463 - 1455. What is the greatest common factor of n and r?
8
Let b be (-6)/3 - 145/5. Let l = b + 38. Calculate the highest common factor of l and 49.
7
Suppose p - 64 = -0*p. Let k = -1184 + 1344. Calculate the highest common factor of k and p.
32
Suppose -n + 105 = 6*n. Let k = n - -1. What is the greatest common divisor of k and 2?
2
Let s = 318 - 255. What is the greatest common factor of 42 and s?
21
Let g(o) = -o + 2. Let t be g(0). What is the highest common factor of t and 2?
2
Suppose -4*t + 80 = 2*h, 0*t + 37 = h - t. Let s = h + -34. Suppose 2*d + 15 = 3*k - 10, 23 = 3*k - s*d. What is the greatest common factor of k and 72?
9
Suppose -p + 1744 = 4*f, -4*p + 13*f + 6948 = 15*f. What is the greatest common factor of p and 62?
62
Let l(z) be the second derivative of 2*z**4/3 + z**3/6 - 16*z. Let f be -2 + 2 + 2 + -1. Let d be l(f). What is the highest common divisor of d and 3?
3
Suppose 5*c - 97 = -f, -4*c = -2*f - c + 129. What is the greatest common divisor of 792 and f?
72
Let t = 4786 + -2960. Calculate the greatest common factor of t and 22.
22
Let z be 14 - ((-4)/(-4) + 1). Let h(s) = -s**3 + 12*s**2 + s - 9. Let i be h(z). Let y be (i + (-15)/4)*-12. What is the highest common divisor of y and 36?
9
Let m(y) = y**2 - 4*y + 9. Let a be m(6). Let f = a + -12. Let u be (-1265)/(-20) + 5/(-20). What is the greatest common factor of f and u?
9
Suppose -693*x = -687*x - 510. What is the highest common divisor of x and 10?
5
Let t be 1/(-2)*(7 - 9). Let a be 2/3*30/4. Let u = a + t. What is the highest common divisor of u and 2?
2
Suppose -7*t - 12*t = -209. What is the greatest common factor of 176 and t?
11
Let f be 8088/(-6)*1/(-4) + 3. Suppose 3*u = -2*u + f. Calculate the highest common factor of 170 and u.
34
Let c be (-2)/(-2)*(1 - -1). Let p be (-112)/(-49) - c/7. Suppose 3*r - p*t - 117 = 0, -5*r - t = t - 195. Calculate the greatest common factor of r and 26.
13
Let n be (-1)/((-3)/2 - -1). Suppose 5*c + 8 = -n. Let f be 10*(7/c)/(-7). Calculate the greatest common divisor of f and 55.
5
Let p = -90 - -174. Suppose 0 = -z - 2*z - n + 5, 3*z - 11 = 5*n. Let u be z*(-12)/(-14)*7. Calculate the highest common factor of u and p.
12
Let y be ((-444)/(-185))/((-1)/(-200)). Calculate the highest common factor of y and 64.
32
Let j = -120 + 174. Suppose 3*b - 2*w = j, -w - 9 = -4*w. Suppose 60 = -6*p + 7*p. What is the greatest common factor of p and b?
20
Let i be (-21)/(-3) + 0/1. What is the highest common divisor of i and 7?
7
Let w(g) = -3*g**3 - 4*g**2 - 5*g + 2. Let i be w(5). Let m = i + 194. Let s be m/(-12) + (-1)/3. Calculate the highest common factor of 5 and s.
5
Let q be 54/(-36)*(-80)/3. Calculate the highest common factor of 120 and q.
40
Let b(p) = -p**3 + 10*p**2 - 4*p - 16. Let j be b(8). Let s = j - -41. Calculate the highest common factor of s and 11.
11
Let i(v) = -6*v + 48. Let c be i(9). Let z be 3/c*26/1*-1. What is the highest common factor of 1 and z?
1
Suppose -4*d - 16 = -76. Let p(y) be the second derivative of -13*y**3/6 - 11*y**2/2 + 3*y + 14. Let w be p(-2). What is the highest common divisor of w and d?
15
Let r = -3 - 0. Let d = 5 + r. Suppose 0 = 3*u + 5*n - 43, -4*n - 38 = -5*u + 46. What is the highest common divisor of d and u?
2
Let x(f) be the third derivative of 0 + 1/6*f**4 + 0*f + 1/60*f**5 + 4*f**2 + 2/3*f**3. Let o be x(-4). What is the greatest common divisor of o and 32?
4
Suppose n - 19 = 4*p, n + p + 1 = -0. Let g be 2*62/4 + 2. What is the highest common divisor of n and g?
3
Suppose 0 = -9*c - 41*c + 7200. Calculate the highest common divisor of c and 9.
9
Let m = 3 + -3. Let y be (-7)/7 - (m - 10). Suppose -9*f = -16*f + 315. What is the highest common divisor of f and y?
9
Suppose -3*m + 3187 = -4*f, -6*m + 5*m = -4*f - 1057. What is the highest common factor of 15 and m?
15
Suppose -2*m + 3*m = -m. Suppose m*k + 4*k - 112 = 0. What is the greatest common divisor of 4 and k?
4
Let c be 2*(-8 + 2 + 18). Calculate the greatest common divisor of 888 and c.
24
Suppose 3*g = 76 + 248. Let o(d) = -3*d - 24. Let y = -108 + 91. Let s be o(y). Calculate the highest common divisor of s and g.
27
Let k = -431 + 162. Let t = -64 - k. Suppose v - t = -4*w, -4*v = -4*w - 3*v + 203. Calculate the greatest common factor of 34 and w.
17
Let h = -241 - -306. What is the highest common factor of 13 and h?
13
Let d be 2 - 4 - (0 - 23). Suppose 0 = -2*m + 26 - 24. Let g = 4 - m. What is the greatest common divisor of g and d?
3
Let i be (-95)/114 + 267/18. What is the highest common factor of i and 658?
14
Let i be (-1)/(2/(-1)) + 1293/6. What is the greatest common divisor of i and 8?
8
Suppose 38 = 44*k - 46*k. Let d = 73 + k. What is the highest common divisor of d and 6?
6
Let t be ((-2)/(-9))/((-278)/(-50040)). Calculate the greatest common divisor of t and 96.
8
Let p = -9 - -20. Let g(a) = -a**3 + 10*a**2 + 8*a - 15. Let f be g(p). Let h = -33 - f. What is the greatest common factor of h and 60?
15
Suppose 0 = 4*m - b - 4*b - 747, 3*m - 594 = -3*b. Suppose 0 = 3*j - 2*j - m. Suppose -j = -3*k - 28. Calculate the greatest common divisor of k and 22.
11
Suppose -111 = -r + 3*l, -l + 476 = 4*r + 3*l. Calculate the greatest common divisor of r and 273.
39
Suppose -3*w + 272 = 5*w. Calculate the greatest common factor of 544 and w.
34
Let g be (384/20)/(((-18)/(-80))/3). What is the highest common factor of 16 and g?
16
Let b(m) = -2*m**3 - 7*m**2 + 2*m + 7. Let w be b(-6). Calculate the greatest common divisor of 50 and w.
25
Let y be (-6 - -3)*7/(-3). Let n be 2*4*20/8. Suppose 2*u + n = y*u. What is the greatest common factor of 36 and u?
4
Suppose 0*u - 2*u - 3*z = 0, 2*u - 3*z - 12 = 0. Let o be -15*44/(-20)*u. Calculate the greatest common factor of 11 and o.
11
Let h(d) = -153*d - 1728. Let z be h